 the greatest common divisor of 635 and 25?
5
Calculate the greatest common factor of 99 and 132.
33
Calculate the greatest common factor of 242 and 15.
1
Calculate the highest common divisor of 321 and 3.
3
What is the highest common divisor of 60 and 420?
60
What is the highest common divisor of 623 and 483?
7
What is the greatest common factor of 296 and 629?
37
What is the highest common factor of 49 and 44639?
49
Calculate the highest common divisor of 336 and 14.
14
What is the greatest common factor of 7848 and 109?
109
What is the greatest common factor of 6 and 12?
6
Calculate the greatest common divisor of 8932 and 176.
44
What is the highest common factor of 1564 and 69?
23
What is the greatest common divisor of 55 and 44?
11
What is the highest common divisor of 120 and 2600?
40
What is the highest common factor of 16 and 7664?
16
What is the greatest common divisor of 164 and 12?
4
Calculate the highest common divisor of 763 and 91.
7
Calculate the greatest common divisor of 146 and 6789.
73
What is the highest common factor of 1360 and 11288?
136
What is the greatest common divisor of 47160 and 540?
180
Calculate the highest common factor of 4149 and 36.
9
What is the greatest common divisor of 4030 and 2340?
130
What is the highest common factor of 35 and 8820?
35
Calculate the highest common divisor of 534 and 42.
6
What is the highest common divisor of 4929 and 93?
93
Calculate the highest common divisor of 73 and 146.
73
What is the highest common divisor of 55 and 132?
11
What is the highest common divisor of 54 and 192?
6
What is the greatest common divisor of 58 and 7047?
29
Calculate the greatest common divisor of 108 and 912.
12
Calculate the highest common divisor of 400 and 1350.
50
Calculate the highest common factor of 270 and 120.
30
What is the highest common divisor of 22 and 528?
22
What is the greatest common factor of 192 and 320?
64
Calculate the highest common divisor of 44 and 212.
4
Calculate the highest common factor of 161 and 7.
7
Calculate the highest common factor of 4 and 124.
4
What is the highest common divisor of 42 and 306?
6
Calculate the highest common divisor of 45 and 9.
9
Calculate the greatest common divisor of 180 and 2466.
18
What is the greatest common divisor of 28 and 4?
4
What is the greatest common factor of 297 and 99?
99
Calculate the greatest common factor of 672 and 16.
16
Calculate the greatest common factor of 25 and 3295.
5
What is the highest common factor of 1424 and 8?
8
What is the highest common divisor of 67 and 4288?
67
Calculate the greatest common factor of 8954 and 74.
74
Calculate the greatest common factor of 50 and 10.
10
What is the greatest common divisor of 1441 and 22?
11
What is the greatest common factor of 4 and 6?
2
What is the greatest common divisor of 420 and 240?
60
What is the greatest common divisor of 144 and 6032?
16
Calculate the highest common divisor of 157 and 1.
1
Calculate the greatest common factor of 10665 and 135.
135
Calculate the highest common divisor of 1095 and 15.
15
What is the highest common divisor of 81 and 4311?
9
Calculate the greatest common factor of 33 and 858.
33
What is the greatest common factor of 192 and 4544?
64
What is the greatest common divisor of 15 and 35?
5
Calculate the greatest common factor of 30 and 345.
15
What is the highest common divisor of 915 and 15?
15
Calculate the greatest common factor of 9 and 26739.
9
What is the greatest common divisor of 253 and 132?
11
Calculate the greatest common factor of 7028 and 14.
14
Calculate the greatest common factor of 33 and 9273.
33
What is the highest common divisor of 1950 and 130?
130
Calculate the highest common divisor of 10 and 64.
2
Calculate the highest common divisor of 200 and 8.
8
Calculate the highest common factor of 3 and 468.
3
What is the highest common factor of 23760 and 960?
240
Calculate the highest common divisor of 77 and 451.
11
What is the highest common factor of 1275 and 375?
75
Calculate the highest common divisor of 369 and 41.
41
Calculate the highest common divisor of 32 and 416.
32
Calculate the highest common divisor of 20 and 245.
5
What is the highest common divisor of 4292 and 148?
148
Calculate the highest common factor of 12 and 3072.
12
Calculate the highest common divisor of 27 and 9.
9
What is the greatest common factor of 3296 and 160?
32
Calculate the highest common divisor of 42 and 119.
7
Calculate the greatest common factor of 3335 and 145.
145
Calculate the highest common factor of 57 and 304.
19
What is the greatest common factor of 2276 and 24?
4
What is the highest common divisor of 6165 and 3?
3
Calculate the greatest common factor of 78 and 3822.
78
What is the greatest common divisor of 1652 and 3068?
236
What is the greatest common factor of 147 and 273?
21
Calculate the highest common factor of 12995 and 115.
115
What is the greatest common divisor of 7 and 3031?
7
Calculate the highest common divisor of 374 and 170.
34
What is the greatest common factor of 8 and 1352?
8
What is the greatest common factor of 81 and 162?
81
Calculate the highest common divisor of 27 and 216.
27
Calculate the highest common divisor of 50 and 2030.
10
Calculate the greatest common factor of 798 and 19.
19
What is the greatest common factor of 93 and 713?
31
Calculate the highest common divisor of 80 and 520.
40
What is the highest common factor of 122 and 793?
61
What is the highest common divisor of 32927 and 19?
19
What is the greatest common divisor of 80 and 22544?
16
What is the highest common divisor of 1 and 1?
1
What is the greatest common factor of 1000 and 24?
8
Calculate the greatest common divisor of 451 and 55.
11
What is the greatest common factor of 89 and 7921?
89
What is the greatest common divisor of 205 and 5?
5
Calculate the greatest common divisor of 686 and 98.
98
Calculate the greatest common factor of 8 and 26.
2
What is the highest common factor of 144 and 1620?
36
Calculate the highest common divisor of 44 and 10362.
22
Calculate the greatest common divisor of 950 and 38.
38
Calculate the greatest common divisor of 150144 and 552.
552
Calculate the greatest common factor of 15 and 35.
5
What is the highest common divisor of 115 and 3335?
115
What is the greatest common factor of 22927 and 202?
101
What is the greatest common divisor of 155 and 295?
5
What is the highest common factor of 11 and 3454?
11
What is the greatest common factor of 6 and 50?
2
Calculate the greatest common factor of 16 and 2.
2
What is the greatest common divisor of 13340 and 92?
92
Calculate the greatest common divisor of 32 and 784.
16
What is the greatest common divisor of 14 and 33614?
14
What is the greatest common factor of 114 and 266?
38
Calculate the highest common divisor of 931 and 76.
19
What is the highest common divisor of 57454 and 92?
46
Calculate the highest common factor of 15 and 45.
15
What is the highest common factor of 602 and 258?
86
What is the greatest common factor of 96 and 1680?
48
Calculate the greatest common divisor of 3425 and 2192.
137
What is the greatest common factor of 242 and 88?
22
What is the greatest common divisor of 161 and 1679?
23
What is the highest common factor of 6000 and 12?
12
Calculate the highest common factor of 30 and 170.
10
What is the highest common factor of 1166 and 55?
11
Calculate the greatest common divisor of 21 and 14336.
7
What is the highest common factor of 96538 and 26?
26
What is the greatest common divisor of 4 and 316?
4
What is the greatest common factor of 136 and 986?
34
Calculate the highest common divisor of 47835 and 90.
45
Calculate the greatest common factor of 9 and 117.
9
Calculate the greatest common divisor of 304 and 76.
76
Calculate the greatest common divisor of 861 and 1344.
21
Calculate the greatest common divisor of 48 and 208.
16
What is the greatest common factor of 1961 and 1855?
53
Calculate the highest common divisor of 124 and 8.
4
Calculate the highest common factor of 220 and 380.
20
What is the highest common factor of 70 and 4795?
35
What is the greatest common factor of 12408 and 141?
141
Calculate the highest common factor of 915 and 15.
15
What is the greatest common factor of 75 and 11450?
25
Calculate the greatest common di